024/(-396)*847/(-231). Calculate the highest common factor of b and z.
7
Suppose -68*k + 1045836 = 71*k. What is the highest common divisor of k and 99?
99
Suppose -198603*i + 308 = -198581*i. What is the highest common factor of 45024 and i?
14
Let t = 1710 - 1178. Let m = t - 252. Calculate the highest common divisor of m and 112.
56
Let h(v) = 7*v + 927. Let p be h(25). Calculate the highest common divisor of 464 and p.
58
Let i = 25 + -15. Suppose -10*g - 62 - 738 = 0. Let c be 15/(-2)*g/12. Calculate the highest common factor of i and c.
10
Let g(o) = o**3 - 152*o**2 - 305*o - 432. Let x be g(154). Suppose 2*w - 6*w + 1380 = 0. What is the greatest common divisor of x and w?
15
Suppose 16120 - 8759 + 12484 = 735*b. Let g = -7 - -4. Let v be (4/g)/(2/(-54)). Calculate the highest common factor of b and v.
9
Suppose -5*y - 2*k = -63881, 4*y - 61412 + 10275 = 3*k. What is the greatest common factor of y and 13?
13
Suppose -5*z + 3*c = 4*c - 21, 0 = 2*z - c - 7. Suppose 7*v + 400 = -454. Let t = -94 - v. What is the greatest common divisor of t and z?
4
Let v(f) = 149*f**2 - 985*f + 8. Let x be v(7). What is the greatest common factor of 69 and x?
69
Let t = 396 - 394. Suppose 22 + 0 = m + 4*o, -2*o = -t*m + 74. Suppose -136 = -2*z + z. What is the greatest common divisor of z and m?
34
Let f(v) = -2*v**3 + 246*v**2 - 5*v + 693. Let l be f(123). Suppose 5*x = m + 8, -x + 56 = 5*m - 2*x. Calculate the greatest common divisor of l and m.
6
Suppose 75 = -2*k + 5*k. Let r(p) = -64 - 4*p**2 + 6*p**2 - 50*p + 69. Let l be r(25). Calculate the greatest common factor of k and l.
5
Let a(z) = z**2 - 6*z - 6. Let c = 30 + -22. Let b be a(c). Suppose m + 0*m + 3*s = 96, -4*m + 4*s = -352. What is the greatest common factor of m and b?
10
Let g = -132 - -126. Let z be (8/g)/(-6*(-8)/(-1080)). Calculate the highest common factor of z and 270.
30
Let k(g) = 33 + 2*g - 3 + g. Let d be k(-9). Suppose 10 = o + c, d*o - 4 = 3*c + 26. Calculate the highest common divisor of 80 and o.
10
Let r(s) = s**2 - 31. Suppose 5*a - 5*u = 2*a - 25, -3*a + 4*u - 23 = 0. Let v be r(a). Let d = v - -66. What is the highest common divisor of 150 and d?
30
Suppose s = -2*s + 57. Suppose -10*n + 1548 = -542. What is the greatest common divisor of s and n?
19
Let b(w) = -w. Let v(y) = -8*y - 29. Let q(z) = 10*b(z) - 2*v(z). Let r be q(9). What is the greatest common divisor of 140 and r?
28
Let s(a) = -3*a + 21*a**2 - 29 + 0*a**2 - 10 + a**3. Let h be s(-21). What is the greatest common factor of h and 16?
8
Let s be (-12 - (-40)/25)*(-5)/2. Suppose -4*y = -u - 47 + 13, 2*y + 4*u = s. What is the greatest common factor of y and 63?
9
Let j be (0 + 3)*1770/(-9). Let o be (-4)/(-30) - j/75. Suppose -2*a = 2*v + a - 59, -3*v = 4*a - 88. Calculate the highest common divisor of o and v.
4
Let o = 10927 - 9559. Calculate the greatest common factor of o and 45.
9
Suppose 4*t = t + 5*d + 671, -2*t - 2*d + 458 = 0. Let q = 383 - t. What is the greatest common divisor of q and 39?
39
Let k = 4512 + -4502. Calculate the highest common factor of k and 86.
2
Let y(l) = -l**3 + 6*l**2 + 11*l + 8. Let s be y(6). Suppose -n - 3*g = -46, 3*g = 5*n - 84 - s. Calculate the highest common factor of n and 119.
17
Suppose 0 = 6*a - 11*a - 540. Let y be 25 + -1 + a/(-18). What is the highest common divisor of 10 and y?
10
Let g = -6672 + 6721. What is the greatest common factor of g and 14?
7
Suppose 514 = 5*h - 3*p, -h + 4*p - p + 98 = 0. Let d(k) = -69 - 9*k - 86 + 57*k - 24*k. Let a be d(7). Calculate the greatest common divisor of a and h.
13
Let k = 4907 + -4877. What is the greatest common divisor of k and 390?
30
Suppose 12*b + 7085 - 2093 = 0. Let j = 1120 + b. Calculate the greatest common divisor of j and 128.
64
Let g = 1222 - -762. What is the greatest common divisor of g and 31?
31
Suppose 20*j = 100 + 80. Suppose -18*x + j*x + 342 = 0. What is the highest common factor of 1026 and x?
38
Suppose -2*y = -2*u - 8 - 274, 0 = 4*u + 3*y + 564. Let g = u - -168. Calculate the greatest common divisor of g and 36.
9
Let f be 9/(-27) - (-266)/6. Let q = -41 + f. Let t be 8/((-10)/q - -4). What is the greatest common factor of t and 6?
6
Let j(w) = -63*w + 5. Let p be -2 + 6/5 + (-231)/55. Let t be j(p). Calculate the highest common factor of t and 64.
64
Let m be ((-2)/(-4))/(14 + 666/(-48)). What is the highest common divisor of 866 and m?
2
Let b be 70/(0 + 2) + 1. Suppose -13*x - 61*x + 508 = 53*x. Suppose -2*t = -q - x*t + 18, -4*q + t + b = 0. What is the highest common factor of q and 90?
10
Let d be (92/(-7))/(10/(-35)). Suppose -5*p - 217 = -3*x, -4*p = -9*x + 4*x + 353. Calculate the highest common divisor of x and d.
23
Suppose -102540 = -78*a + 27330. What is the greatest common factor of 45 and a?
45
Let r(n) = 4*n**2 - 7*n - 1. Let i be r(12). Suppose -i = -47*z + 919. What is the highest common factor of z and 570?
30
Let r be (36/(-30))/(2/(-25)). Suppose 0 = 2*p + 3 + 7, -2*l - 697 = 5*p. Let h = l - -471. Calculate the highest common factor of h and r.
15
Let j = 5789 + -5761. Calculate the greatest common factor of 16 and j.
4
Suppose z - 5 = 4*d, 2*d + 108 = 3*z + 63. What is the greatest common factor of 48 and z?
1
Let x be -6 - (-1*1)/(57/5130). What is the greatest common factor of x and 4116?
84
Let t = 4299 - 4277. Calculate the greatest common factor of t and 319.
11
Suppose 82*k + 60 = 4*s + 77*k, 3*k + 8 = s. Let y = 58 - -42. What is the highest common divisor of s and y?
20
Let p = 66 - 78. Let t = p - -10. Let v be -2 + 21 + (t + -3 - -2). Calculate the highest common factor of 48 and v.
16
Let m(o) = 7*o + 15. Let s be (-2 + 1)*1 - 2. Let r be m(s). Let p be ((2 - 2) + r)/(2/(-21)). Calculate the highest common factor of p and 9.
9
Let w = 9353 + -9317. Suppose -5*a = -4*y - 262, 4*a = -3*y - y + 224. What is the greatest common divisor of a and w?
18
Let n be 156 + (-18)/(-6 + 8). Calculate the highest common divisor of 1533 and n.
21
Let z be 2/(-3)*2250/(-20). Let m be (-2*11)/((-5)/(z/6)). Let n be (-4)/(-10) + 968/m. Calculate the highest common divisor of 162 and n.
18
Let r(d) = 2*d**2 - 153*d + 3286. Let h be r(93). What is the highest common factor of h and 82?
41
Suppose 0 = 345*m - 292*m - 1749. Let v(z) = z + 14. Let i be v(-6). Let t(u) = 7*u - 1. Let b be t(i). What is the greatest common divisor of b and m?
11
Let b(r) = r**3 + 14*r**2 + 17*r - 7. Let f be b(-12). Let m = f + -63. What is the greatest common divisor of m and 77?
7
Let t = -266 + 6. Let a = t + 380. Suppose 4*l = 3*u - 148, -4*u - l + 2*l = -193. What is the greatest common divisor of a and u?
24
Suppose -5*w = -w - 88. Suppose 360 = 3*o + 3*r, 13*r = 4*o + 18*r - 479. What is the highest common divisor of w and o?
11
Suppose -38*c + 3420 = -29*c. Calculate the greatest common factor of c and 114.
38
Let z(b) = 1066*b - 896. Let v be z(12). Calculate the greatest common factor of 24 and v.
8
Suppose 13 = 3*q + 3*n - 2*n, 4*q + 8 = 5*n. Suppose g + 3*h + 0*h = -q, 4*h = -16. Let o be (75/g)/(1/15). What is the highest common divisor of o and 50?
25
Suppose 3*o - 7 = -4*b, 13 - 9 = 4*b. Let a be (305/30)/o + 4/(-24). Calculate the highest common divisor of a and 590.
10
Suppose -81*t + 10411 = -6518. Calculate the greatest common divisor of 76 and t.
19
Let f(u) = -2753*u - 8207. Let v be f(-3). Suppose z - 13 = -0. What is the highest common factor of v and z?
13
Let x be 2272*(2 + -1)*(-2)/(-14)*7. What is the greatest common divisor of x and 32?
32
Suppose -3*m - m + 373 + 303 = 0. What is the greatest common divisor of m and 351?
13
Suppose 67*a - 3*i = 72*a - 10106, 3*i = -9. Calculate the highest common factor of 28 and a.
7
Let q = -2308 - -2311. Let w(a) = -a. Let s be w(-2). Suppose s*t = t + 21. What is the greatest common factor of q and t?
3
Suppose 4*u - 760 = -4*r + 240, 4*r = 12. Suppose 4*g = -2*l + 52 + 22, 0 = 3*g - 4*l - 61. Calculate the highest common factor of u and g.
19
Let t = -873 + 352. Let r = t - -617. What is the greatest common factor of 240 and r?
48
Let y be 40 + (0 - 15/3). Suppose y*v = 48*v - 65. Calculate the highest common divisor of v and 215.
5
Suppose l = -1127 + 1128, -14705 = -3*u - 5*l. Calculate the greatest common divisor of 42 and u.
14